{"id":1057,"date":"2025-04-23T16:19:57","date_gmt":"2025-04-23T19:19:57","guid":{"rendered":"https:\/\/paz.org.br\/livraria\/?post_type=product&#038;p=1057"},"modified":"2025-07-31T16:20:14","modified_gmt":"2025-07-31T19:20:14","slug":"o-mestre-jesus-o-discipulo-chico-xavier","status":"publish","type":"product","link":"https:\/\/paz.org.br\/livraria\/produto\/o-mestre-jesus-o-discipulo-chico-xavier\/","title":{"rendered":"O MESTRE JESUS, O DISCIPULO CHICO XAVIER ** AUTOGRAFADO"},"content":{"rendered":"<p><span style=\"font-weight: 400;\">H\u00e1 mais de dois mil anos Nosso Senhor chega \u00e0 Terra. Termina assim a condi\u00e7\u00e3o de mundo primitivo e se inicia uma nova era de evolu\u00e7\u00e3o, onde a Terra passa a ser um vale de l\u00e1grimas e de sofrimento, pois nasce o mundo de provas e expia\u00e7\u00f5es.<\/span><\/p>\n<p><span style=\"font-weight: 400;\">Mas a bondade de Nosso Senhor \u00e9 tamanha, que Ele afirmou em sua estadia aqui: \u201cSe muito me amares, enviarei o Consolador, o Esp\u00edrito de Verdade que permanecer\u00e1 convosco at\u00e9 a consuma\u00e7\u00e3o dos s\u00e9culos\u201d. Assim, Jesus cumpre sua palavra e surge entre n\u00f3s Allan Kardec. Em sua sublime miss\u00e3o, traz-nos a Doutrina Esp\u00edrita de Verdade, do Consolador Prometido. E, finalmente, chega ao mundo nosso querido CHICO XAVIER, fazendo com que Jesus chegue at\u00e9 nosso cora\u00e7\u00e3o. A presente obra procura trazer as li\u00e7\u00f5es do Mestre na voz do disc\u00edpulo amado, Chico Xavier.<\/span><\/p>\n<p><em><strong>Ap\u00f3s cuidadosa an\u00e1lise utilizando ferramentas de Intelig\u00eancia Artificial, a editora concluiu que esta obra \u00e9 a \u00fanica no mundo a abordar as personalidades de Jesus e Chico Xavier em um \u00fanico livro, de maneira t\u00e3o intensa e completa.<\/strong><\/em><\/p>\n<p><strong>Edi\u00e7\u00e3o autografada pelo autor!<\/strong><\/p>\n","protected":false},"excerpt":{"rendered":"<p><span style=\"font-weight: 400;\">E, finalmente, chega ao mundo nosso querido CHICO XAVIER, fazendo com que Jesus chegue at\u00e9 nosso cora\u00e7\u00e3o. A presente obra procura trazer as li\u00e7\u00f5es do Mestre na voz do disc\u00edpulo amado, Chico Xavier. <strong>Edi\u00e7\u00e3o autografada pelo autor!<\/strong><\/span><\/p>\n","protected":false},"featured_media":1056,"comment_status":"open","ping_status":"closed","template":"","meta":[],"product_brand":[],"product_cat":[39,42],"product_tag":[],"class_list":{"0":"post-1057","1":"product","2":"type-product","3":"status-publish","4":"has-post-thumbnail","6":"product_cat-chico-xavier","7":"product_cat-dirceu-abdala","9":"first","10":"instock","11":"shipping-taxable","12":"purchasable","13":"product-type-simple"},"_links":{"self":[{"href":"https:\/\/paz.org.br\/livraria\/wp-json\/wp\/v2\/product\/1057","targetHints":{"allow":["GET"]}}],"collection":[{"href":"https:\/\/paz.org.br\/livraria\/wp-json\/wp\/v2\/product"}],"about":[{"href":"https:\/\/paz.org.br\/livraria\/wp-json\/wp\/v2\/types\/product"}],"replies":[{"embeddable":true,"href":"https:\/\/paz.org.br\/livraria\/wp-json\/wp\/v2\/comments?post=1057"}],"wp:featuredmedia":[{"embeddable":true,"href":"https:\/\/paz.org.br\/livraria\/wp-json\/wp\/v2\/media\/1056"}],"wp:attachment":[{"href":"https:\/\/paz.org.br\/livraria\/wp-json\/wp\/v2\/media?parent=1057"}],"wp:term":[{"taxonomy":"product_brand","embeddable":true,"href":"https:\/\/paz.org.br\/livraria\/wp-json\/wp\/v2\/product_brand?post=1057"},{"taxonomy":"product_cat","embeddable":true,"href":"https:\/\/paz.org.br\/livraria\/wp-json\/wp\/v2\/product_cat?post=1057"},{"taxonomy":"product_tag","embeddable":true,"href":"https:\/\/paz.org.br\/livraria\/wp-json\/wp\/v2\/product_tag?post=1057"}],"curies":[{"name":"wp","href":"https:\/\/api.w.org\/{rel}","templated":true}]}}