{"id":81,"date":"2025-02-28T17:57:43","date_gmt":"2025-02-28T20:57:43","guid":{"rendered":"https:\/\/paz.org.br\/livraria\/?post_type=product&#038;p=81"},"modified":"2025-03-17T16:39:27","modified_gmt":"2025-03-17T19:39:27","slug":"minha-amizade-com-chico-xavier-revelacoes","status":"publish","type":"product","link":"https:\/\/paz.org.br\/livraria\/produto\/minha-amizade-com-chico-xavier-revelacoes\/","title":{"rendered":"Minha Amizade com Chico Xavier &#8211; Revela\u00e7\u00f5es"},"content":{"rendered":"<p>Em um s\u00e1bado do ano de 1982, Dirceu Abdala realizou um sonho: conhecer pessoalmente Chico Xavier. Chorou copiosamente ao encontr\u00e1-lo e, desde ent\u00e3o, n\u00e3o se afastou mais dele. Foram vinte anos de conviv\u00eancia, em que Dirceu testemunhou a vida de doa\u00e7\u00e3o e f\u00e9 daquele que \u00e9 considerado o maior m\u00e9dium brasileiro. Nas p\u00e1ginas deste livro, o autor conta momentos inesquec\u00edveis da caminhada ao lado de Chico Xavier, nome que, at\u00e9 hoje, reverbera amor e caridade e que, embora tenha deixado o corpo f\u00edsico, em desencarna\u00e7\u00e3o, h\u00e1 quase duas d\u00e9cadas, faz-se presente em todas as formula\u00e7\u00f5es dos laborat\u00f3rios, bem como nas confec\u00e7\u00f5es das pomadas.<\/p>\n","protected":false},"excerpt":{"rendered":"<p>Em um s\u00e1bado do ano de 1982, Dirceu Abdala realizou um sonho: conhecer pessoalmente Chico Xavier. Chorou copiosamente ao encontr\u00e1-lo e, desde ent\u00e3o, n\u00e3o se afastou mais dele.<\/p>\n","protected":false},"featured_media":69,"comment_status":"open","ping_status":"closed","template":"","meta":[],"product_brand":[],"product_cat":[42],"product_tag":[],"class_list":{"0":"post-81","1":"product","2":"type-product","3":"status-publish","4":"has-post-thumbnail","6":"product_cat-dirceu-abdala","8":"first","9":"instock","10":"sale","11":"shipping-taxable","12":"purchasable","13":"product-type-simple"},"_links":{"self":[{"href":"https:\/\/paz.org.br\/livraria\/wp-json\/wp\/v2\/product\/81","targetHints":{"allow":["GET"]}}],"collection":[{"href":"https:\/\/paz.org.br\/livraria\/wp-json\/wp\/v2\/product"}],"about":[{"href":"https:\/\/paz.org.br\/livraria\/wp-json\/wp\/v2\/types\/product"}],"replies":[{"embeddable":true,"href":"https:\/\/paz.org.br\/livraria\/wp-json\/wp\/v2\/comments?post=81"}],"wp:featuredmedia":[{"embeddable":true,"href":"https:\/\/paz.org.br\/livraria\/wp-json\/wp\/v2\/media\/69"}],"wp:attachment":[{"href":"https:\/\/paz.org.br\/livraria\/wp-json\/wp\/v2\/media?parent=81"}],"wp:term":[{"taxonomy":"product_brand","embeddable":true,"href":"https:\/\/paz.org.br\/livraria\/wp-json\/wp\/v2\/product_brand?post=81"},{"taxonomy":"product_cat","embeddable":true,"href":"https:\/\/paz.org.br\/livraria\/wp-json\/wp\/v2\/product_cat?post=81"},{"taxonomy":"product_tag","embeddable":true,"href":"https:\/\/paz.org.br\/livraria\/wp-json\/wp\/v2\/product_tag?post=81"}],"curies":[{"name":"wp","href":"https:\/\/api.w.org\/{rel}","templated":true}]}}