{"id":83,"date":"2025-02-28T18:58:44","date_gmt":"2025-02-28T21:58:44","guid":{"rendered":"https:\/\/paz.org.br\/livraria\/?post_type=product&#038;p=83"},"modified":"2025-10-16T12:27:46","modified_gmt":"2025-10-16T15:27:46","slug":"natureza-a-farmacia-de-deus","status":"publish","type":"product","link":"https:\/\/paz.org.br\/livraria\/produto\/natureza-a-farmacia-de-deus\/","title":{"rendered":"Natureza &#8211; A Farm\u00e1cia de Deus"},"content":{"rendered":"<p>O ser humano est\u00e1 perdendo cada vez mais a sua conex\u00e3o com a natureza. Nossos ancestrais apreciavam a diversidade das plantas e se preocupavam com as doen\u00e7as. Estavam sempre em contato com a natureza, fontes de todos os conhecimentos. Por isso, o objetivo deste livro \u00e9 despertar para a mudan\u00e7a do homem velho. H\u00e1 mil\u00eanios cultuamos o ego\u00edsmo, a individualidade, a materialidade, a crueldade, o que tem nos afastado de nossa ess\u00eancia. Com este livro, aprenda a se libertar dos v\u00edcios qu\u00edmicos e mentais, a enviar mensagens de amor, de f\u00e9, de alegria para todos os nossos \u00f3rg\u00e3os e c\u00e9lulas. Tudo em n\u00f3s \u00e9 energia, o Universo \u00e9 energia, conectemos, mas com alegria. Redescubra o poder da natureza e do equil\u00edbrio para alcan\u00e7ar uma vida mais saud\u00e1vel e com longevidade. Vamos refletir e iniciar o processo de mudan\u00e7a para um homem novo e melhor.<\/p>\n","protected":false},"excerpt":{"rendered":"<p>O ser humano est\u00e1 perdendo cada vez mais a sua conex\u00e3o com a natureza. Nossos ancestrais apreciavam a diversidade das plantas e se preocupavam com as doen\u00e7as. Estavam sempre em contato com a natureza, fontes de todos os conhecimentos.<\/p>\n","protected":false},"featured_media":70,"comment_status":"open","ping_status":"closed","template":"","meta":[],"product_brand":[],"product_cat":[42,21],"product_tag":[],"class_list":{"0":"post-83","1":"product","2":"type-product","3":"status-publish","4":"has-post-thumbnail","6":"product_cat-dirceu-abdala","7":"product_cat-saude","9":"first","10":"instock","11":"sale","12":"shipping-taxable","13":"purchasable","14":"product-type-simple"},"_links":{"self":[{"href":"https:\/\/paz.org.br\/livraria\/wp-json\/wp\/v2\/product\/83","targetHints":{"allow":["GET"]}}],"collection":[{"href":"https:\/\/paz.org.br\/livraria\/wp-json\/wp\/v2\/product"}],"about":[{"href":"https:\/\/paz.org.br\/livraria\/wp-json\/wp\/v2\/types\/product"}],"replies":[{"embeddable":true,"href":"https:\/\/paz.org.br\/livraria\/wp-json\/wp\/v2\/comments?post=83"}],"wp:featuredmedia":[{"embeddable":true,"href":"https:\/\/paz.org.br\/livraria\/wp-json\/wp\/v2\/media\/70"}],"wp:attachment":[{"href":"https:\/\/paz.org.br\/livraria\/wp-json\/wp\/v2\/media?parent=83"}],"wp:term":[{"taxonomy":"product_brand","embeddable":true,"href":"https:\/\/paz.org.br\/livraria\/wp-json\/wp\/v2\/product_brand?post=83"},{"taxonomy":"product_cat","embeddable":true,"href":"https:\/\/paz.org.br\/livraria\/wp-json\/wp\/v2\/product_cat?post=83"},{"taxonomy":"product_tag","embeddable":true,"href":"https:\/\/paz.org.br\/livraria\/wp-json\/wp\/v2\/product_tag?post=83"}],"curies":[{"name":"wp","href":"https:\/\/api.w.org\/{rel}","templated":true}]}}