{"id":89,"date":"2025-02-28T19:14:11","date_gmt":"2025-02-28T22:14:11","guid":{"rendered":"https:\/\/paz.org.br\/livraria\/?post_type=product&#038;p=89"},"modified":"2025-03-17T08:17:58","modified_gmt":"2025-03-17T11:17:58","slug":"euripedes-barsanulfo-o-apostolo-de-sacramento","status":"publish","type":"product","link":"https:\/\/paz.org.br\/livraria\/produto\/euripedes-barsanulfo-o-apostolo-de-sacramento\/","title":{"rendered":"Eur\u00edpedes Barsanulfo, o Ap\u00f3stolo de Sacramento"},"content":{"rendered":"<p>Esp\u00edrito superior, grande educador, extraordin\u00e1rio m\u00e9dium, patrono de incont\u00e1veis institui\u00e7\u00f5es esp\u00edritas, era mister que algo fosse feito a fim de que a obra de Eur\u00edpedes Barsanulfo (grandiosa, por sinal) fosse mantida para as gera\u00e7\u00f5es vindouras. Com o tombamento, preservam-se os valores hist\u00f3ricos, culturais, arquitet\u00f4nicos e de valor efetivo e moral para a popula\u00e7\u00e3o, impedindo que venham a ser destru\u00eddos ou descaracterizados. Este singelo livro \u00e9 uma pequena, por\u00e9m verdadeira homenagem ao esp\u00edrito Eur\u00edpedes Barsanulfo que podemos apontar, sem exagero nem d\u00favida, como sendo um dos iluminados esp\u00edritos que j\u00e1 encarnaram no nosso planeta.<\/p>\n","protected":false},"excerpt":{"rendered":"<p>Esp\u00edrito superior, grande educador, extraordin\u00e1rio m\u00e9dium, patrono de incont\u00e1veis institui\u00e7\u00f5es esp\u00edritas, era mister que algo fosse feito a fim de que a obra de Eur\u00edpedes Barsanulfo (grandiosa, por sinal) fosse mantida para as gera\u00e7\u00f5es vindouras.<\/p>\n","protected":false},"featured_media":87,"comment_status":"open","ping_status":"closed","template":"","meta":[],"product_brand":[],"product_cat":[42],"product_tag":[],"class_list":{"0":"post-89","1":"product","2":"type-product","3":"status-publish","4":"has-post-thumbnail","6":"product_cat-dirceu-abdala","8":"first","9":"instock","10":"sale","11":"shipping-taxable","12":"purchasable","13":"product-type-simple"},"_links":{"self":[{"href":"https:\/\/paz.org.br\/livraria\/wp-json\/wp\/v2\/product\/89","targetHints":{"allow":["GET"]}}],"collection":[{"href":"https:\/\/paz.org.br\/livraria\/wp-json\/wp\/v2\/product"}],"about":[{"href":"https:\/\/paz.org.br\/livraria\/wp-json\/wp\/v2\/types\/product"}],"replies":[{"embeddable":true,"href":"https:\/\/paz.org.br\/livraria\/wp-json\/wp\/v2\/comments?post=89"}],"wp:featuredmedia":[{"embeddable":true,"href":"https:\/\/paz.org.br\/livraria\/wp-json\/wp\/v2\/media\/87"}],"wp:attachment":[{"href":"https:\/\/paz.org.br\/livraria\/wp-json\/wp\/v2\/media?parent=89"}],"wp:term":[{"taxonomy":"product_brand","embeddable":true,"href":"https:\/\/paz.org.br\/livraria\/wp-json\/wp\/v2\/product_brand?post=89"},{"taxonomy":"product_cat","embeddable":true,"href":"https:\/\/paz.org.br\/livraria\/wp-json\/wp\/v2\/product_cat?post=89"},{"taxonomy":"product_tag","embeddable":true,"href":"https:\/\/paz.org.br\/livraria\/wp-json\/wp\/v2\/product_tag?post=89"}],"curies":[{"name":"wp","href":"https:\/\/api.w.org\/{rel}","templated":true}]}}