{"id":96,"date":"2025-02-28T19:33:27","date_gmt":"2025-02-28T22:33:27","guid":{"rendered":"https:\/\/paz.org.br\/livraria\/?post_type=product&#038;p=96"},"modified":"2025-03-17T08:15:41","modified_gmt":"2025-03-17T11:15:41","slug":"os-mensageiros","status":"publish","type":"product","link":"https:\/\/paz.org.br\/livraria\/produto\/os-mensageiros\/","title":{"rendered":"Os Mensageiros"},"content":{"rendered":"<p>Em &#8220;Os mensageiros&#8221;, o Esp\u00edrito Andr\u00e9 Luiz relata experi\u00eancias de Esp\u00edritos que reencarnaram com instru\u00e7\u00f5es espec\u00edficas para atingir o aprimoramento pessoal, mas que nem sempre foram bem-sucedidos em suas tarefas. Escalado para prestar atendimento fraterno na Terra, ele aprende que o trabalho \u00e9 fonte de renova\u00e7\u00e3o mental e grande passo rumo \u00e0 constru\u00e7\u00e3o do bem. Apresentando a morte f\u00edsica como apenas uma passagem rumo \u00e0 vida espiritual em cont\u00ednua evolu\u00e7\u00e3o, os 51 cap\u00edtulos, psicografados por Francisco C\u00e2ndido Xavier, neste segundo volume da cole\u00e7\u00e3o &#8220;A Vida no Mundo Espiritual&#8221;, mostram a necessidade do estudo, da pr\u00e1tica e do trabalho aplicados na esfera \u00edntima de cada um, para que o retorno \u00e0 p\u00e1tria espiritual aconte\u00e7a com a certeza do cumprimento dos compromissos assumidos antes de renascer.<\/p>\n","protected":false},"excerpt":{"rendered":"<p>Em &#8220;Os mensageiros&#8221;, o Esp\u00edrito Andr\u00e9 Luiz relata experi\u00eancias de Esp\u00edritos que reencarnaram com instru\u00e7\u00f5es espec\u00edficas para atingir o aprimoramento pessoal, mas que nem sempre foram bem-sucedidos em suas tarefas.<\/p>\n","protected":false},"featured_media":77,"comment_status":"open","ping_status":"closed","template":"","meta":[],"product_brand":[],"product_cat":[40,39],"product_tag":[],"class_list":{"0":"post-96","1":"product","2":"type-product","3":"status-publish","4":"has-post-thumbnail","6":"product_cat-andre-luiz","7":"product_cat-chico-xavier","9":"first","10":"instock","11":"sale","12":"shipping-taxable","13":"purchasable","14":"product-type-simple"},"_links":{"self":[{"href":"https:\/\/paz.org.br\/livraria\/wp-json\/wp\/v2\/product\/96","targetHints":{"allow":["GET"]}}],"collection":[{"href":"https:\/\/paz.org.br\/livraria\/wp-json\/wp\/v2\/product"}],"about":[{"href":"https:\/\/paz.org.br\/livraria\/wp-json\/wp\/v2\/types\/product"}],"replies":[{"embeddable":true,"href":"https:\/\/paz.org.br\/livraria\/wp-json\/wp\/v2\/comments?post=96"}],"wp:featuredmedia":[{"embeddable":true,"href":"https:\/\/paz.org.br\/livraria\/wp-json\/wp\/v2\/media\/77"}],"wp:attachment":[{"href":"https:\/\/paz.org.br\/livraria\/wp-json\/wp\/v2\/media?parent=96"}],"wp:term":[{"taxonomy":"product_brand","embeddable":true,"href":"https:\/\/paz.org.br\/livraria\/wp-json\/wp\/v2\/product_brand?post=96"},{"taxonomy":"product_cat","embeddable":true,"href":"https:\/\/paz.org.br\/livraria\/wp-json\/wp\/v2\/product_cat?post=96"},{"taxonomy":"product_tag","embeddable":true,"href":"https:\/\/paz.org.br\/livraria\/wp-json\/wp\/v2\/product_tag?post=96"}],"curies":[{"name":"wp","href":"https:\/\/api.w.org\/{rel}","templated":true}]}}