{"id":98,"date":"2025-02-28T19:39:16","date_gmt":"2025-02-28T22:39:16","guid":{"rendered":"https:\/\/paz.org.br\/livraria\/?post_type=product&#038;p=98"},"modified":"2025-03-19T18:26:30","modified_gmt":"2025-03-19T21:26:30","slug":"o-livro-dos-espiritos-pequeno","status":"publish","type":"product","link":"https:\/\/paz.org.br\/livraria\/produto\/o-livro-dos-espiritos-pequeno\/","title":{"rendered":"O Livro dos Esp\u00edritos &#8211; Pequeno"},"content":{"rendered":"<p>Na forma de perguntas e respostas, os Esp\u00edritos explicaram tudo o que a Humanidade estava preparada para receber e compreender, esclarecendo-a quanto aos eternos enigmas de sabermos de onde viemos, por que aqui estamos, e para onde vamos, facilitando, assim, ao homem, a compreens\u00e3o dos mais dif\u00edceis problemas que o envolvem. Todas essas explica\u00e7\u00f5es est\u00e3o contidas neste livro. No final desta obra, h\u00e1 um \u00cdndice Anal\u00edtico dos Assuntos, reunindo, em ordem alfab\u00e9tica, todos os verbetes que podem interessar aos estudiosos. Allan Kardec, quando redigiu seus livros, escreveu para o povo, em linguagem simples, e, sendo esta uma tradu\u00e7\u00e3o literal, a linguagem simples original ficou preservada. Al\u00e9m disso, e principalmente, o tradutor respeitou a integridade do livro, que deve ser considerado sagrado, e n\u00e3o acrescentou nem sua opini\u00e3o pessoal, nem notas de rodap\u00e9 que n\u00e3o estavam no original.<\/p>\n","protected":false},"excerpt":{"rendered":"<p>Na forma de perguntas e respostas, os Esp\u00edritos explicaram tudo o que a Humanidade estava preparada para receber e compreender, esclarecendo-a quanto aos eternos enigmas de sabermos de onde viemos, por que aqui estamos, e para onde vamos.<\/p>\n","protected":false},"featured_media":88,"comment_status":"open","ping_status":"closed","template":"","meta":[],"product_brand":[],"product_cat":[44,38],"product_tag":[],"class_list":{"0":"post-98","1":"product","2":"type-product","3":"status-publish","4":"has-post-thumbnail","6":"product_cat-allan-kardec","7":"product_cat-ensino","9":"first","10":"instock","11":"sale","12":"shipping-taxable","13":"purchasable","14":"product-type-simple"},"_links":{"self":[{"href":"https:\/\/paz.org.br\/livraria\/wp-json\/wp\/v2\/product\/98","targetHints":{"allow":["GET"]}}],"collection":[{"href":"https:\/\/paz.org.br\/livraria\/wp-json\/wp\/v2\/product"}],"about":[{"href":"https:\/\/paz.org.br\/livraria\/wp-json\/wp\/v2\/types\/product"}],"replies":[{"embeddable":true,"href":"https:\/\/paz.org.br\/livraria\/wp-json\/wp\/v2\/comments?post=98"}],"wp:featuredmedia":[{"embeddable":true,"href":"https:\/\/paz.org.br\/livraria\/wp-json\/wp\/v2\/media\/88"}],"wp:attachment":[{"href":"https:\/\/paz.org.br\/livraria\/wp-json\/wp\/v2\/media?parent=98"}],"wp:term":[{"taxonomy":"product_brand","embeddable":true,"href":"https:\/\/paz.org.br\/livraria\/wp-json\/wp\/v2\/product_brand?post=98"},{"taxonomy":"product_cat","embeddable":true,"href":"https:\/\/paz.org.br\/livraria\/wp-json\/wp\/v2\/product_cat?post=98"},{"taxonomy":"product_tag","embeddable":true,"href":"https:\/\/paz.org.br\/livraria\/wp-json\/wp\/v2\/product_tag?post=98"}],"curies":[{"name":"wp","href":"https:\/\/api.w.org\/{rel}","templated":true}]}}